36?
6
What is the units digit of 2360558553?
3
What is the thousands digit of 592222969?
2
What is the billions digit of 2962156221?
2
What is the hundred thousands digit of 62760412?
7
What is the hundred thousands digit of 396956619?
9
What is the thousands digit of 1064871844?
1
What is the millions digit of 661805075?
1
What is the ten millions digit of 11683720?
1
What is the hundred thousands digit of 193884917?
8
What is the units digit of 44500201?
1
What is the thousands digit of 3365353920?
3
What is the hundreds digit of 3554312328?
3
What is the millions digit of 80529625?
0
What is the thousands digit of 114979777?
9
What is the thousands digit of 239051710?
1
What is the ten thousands digit of 367116888?
1
What is the hundred thousands digit of 79724447?
7
What is the tens digit of 179873462?
6
What is the hundreds digit of 83649584?
5
What is the hundreds digit of 4349867249?
2
What is the hundred millions digit of 2664768792?
6
What is the hundreds digit of 52614043?
0
What is the hundred thousands digit of 1535998226?
9
What is the ten thousands digit of 645118520?
1
What is the tens digit of 16409709?
0
What is the hundred millions digit of 1333287286?
3
What is the hundreds digit of 38263884?
8
What is the units digit of 113966406?
6
What is the hundreds digit of 23151199?
1
What is the ten millions digit of 2640122223?
4
What is the millions digit of 283731959?
3
What is the units digit of 879301890?
0
What is the hundred millions digit of 396289249?
3
What is the ten millions digit of 18614602?
1
What is the units digit of 181082040?
0
What is the billions digit of 4322227651?
4
What is the ten thousands digit of 401655133?
5
What is the units digit of 54644042?
2
What is the millions digit of 1231298756?
1
What is the ten millions digit of 1127075940?
2
What is the tens digit of 148084140?
4
What is the units digit of 58334839?
9
What is the millions digit of 66705719?
6
What is the tens digit of 452848842?
4
What is the hundred thousands digit of 6101311302?
3
What is the units digit of 391882385?
5
What is the thousands digit of 478085532?
5
What is the hundred thousands digit of 522351902?
3
What is the hundred millions digit of 178416384?
1
What is the hundred thousands digit of 3088461978?
4
What is the ten millions digit of 2265522600?
6
What is the thousands digit of 375661625?
1
What is the ten thousands digit of 821560561?
6
What is the ten millions digit of 568734187?
6
What is the units digit of 736010126?
6
What is the ten thousands digit of 25803847?
0
What is the millions digit of 94244788?
4
What is the units digit of 67935214?
4
What is the hundred thousands digit of 1361513055?
5
What is the ten thousands digit of 4372160424?
6
What is the thousands digit of 6449012629?
2
What is the ten thousands digit of 48656988?
5
What is the ten thousands digit of 1072672920?
7
What is the ten thousands digit of 25759399?
5
What is the millions digit of 754479774?
4
What is the millions digit of 34094855?
4
What is the ten thousands digit of 342858584?
5
What is the thousands digit of 7054750390?
0
What is the hundred millions digit of 566789044?
5
What is the hundred thousands digit of 878868773?
8
What is the units digit of 2595455249?
9
What is the tens digit of 30536597?
9
What is the ten thousands digit of 74928207?
2
What is the thousands digit of 4281551068?
1
What is the millions digit of 207728387?
7
What is the ten millions digit of 462462752?
6
What is the hundred thousands digit of 239853368?
8
What is the tens digit of 154868295?
9
What is the hundreds digit of 97283900?
9
What is the hundreds digit of 11287814?
8
What is the ten thousands digit of 2344684380?
8
What is the thousands digit of 806999237?
9
What is the billions digit of 2240352355?
2
What is the hundreds digit of 41362450?
4
What is the thousands digit of 31374495?
4
What is the millions digit of 85741258?
5
What is the millions digit of 161790267?
1
What is the ten millions digit of 119764292?
1
What is the millions digit of 377736514?
7
What is the hundred millions digit of 900055617?
9
What is the hundreds digit of 3911944?
9
What is the units digit of 2725033514?
4
What is the ten millions digit of 166973947?
6
What is the thousands digit of 343886963?
6
What is the tens digit of 40650699?
9
What is the hundred thousands digit of 5356926544?
9
What is the ten millions digit of 1453428837?
5
What is the thousands digit of 178359627?
9
What is the hundreds digit of 135459419?
4
What is the tens digit of 1131955112?
1
What is the thousands digit of 485472433?
2
What is the ten millions digit of 82667271?
8
What is the hundreds digit of 1437846957?
9
What is the units digit of 9658714?
4
What is the hundred thousands digit of 35354836?
3
What is the millions digit of 914284382?
4
What is the hundreds digit of 22374546?
5
What is the ten millions digit of 300407195?
0
What is the thousands digit of 22405177?
5
What is the ten thousands digit of 849196421?
9
What is the ten thousands digit of 333558882?
5
What is the thousands digit of 30330011?
0
What is the thousands digit of 4664687525?
7
What is the hundred millions digit of 2641332301?
6
What is the ten millions digit of 82629175?
8
What is the units digit of 3083937894?
4
What is the billions digit of 5172373482?
5
What is the ten millions digit of 39122193?
3
What is the hundred thousands digit of 1328889496?
8
What is the millions digit of 283160475?
3
What is the thousands digit of 225666233?
6
What is the millions digit of 1057800575?
7
What is the units digit of 1836489998?
8
What is the millions digit of 25319556?
5
What is the ten thousands digit of 16525266?
2
What is the ten millions digit of 183856574?
8
What is the ten thousands digit of 20165835?
6
What is the ten millions digit of 38877759?
3
What is the millions digit of 461846123?
1
What is the hundreds digit of 67650427?
4
What is the ten thousands digit of 1243636443?
3
What is the billions digit of 1577611290?
1
What is the tens digit of 35522892?
9
What is the thousands digit of 2500998115?
8
What is the millions digit of 1004133363?
4
What is the hundreds digit of 1043202393?
3
What is the ten millions digit of 743700050?
4
What is the units digit of 1902995966?
6
What is the millions digit of 7437412?
7
What is the thousands digit of 1461588?
1
What is the ten thousands digit of 1522876416?
7
What is the ten millions digit of 42237395?
4
What is the hundred thousands digit of 80825257?
8
What is the units digit of 3178289824?
4
What is the tens digit of 1079364358?
5
What is the millions digit of 48342491?
8
What is the hundreds digit of 83125849?
8
What is the hundreds digit of 2801525809?
8
What is the hundred thousands digit of 32002420?
0
What is the thousands digit of 20907749?
7
What is the tens digit of 34233640?
4
What is the hundreds digit of 432523820?
8
What is the thousands digit of 384087599?
7
What is the ten millions digit of 1030826562?
3
What is the ten thousands digit of 2307817539?
1
What is the tens digit of 2977714754?
5
What is the ten millions digit of 5628912831?
2
What is the ten millions digit of 393805788?
9
What is the units digit of 109287688?
8
What is the ten thousands digit of 565950551?
5
What is the ten millions digit of 16150308?
1
What is the millions digit of 1881573816?
1
What is the units digit of 296482855?
5
What is the ten thousands digit of 122993764?
9
What is the ten millions digit of 97119175?
9
What is the ten millions digit of 35858224?
3
What is the ten millions digit of 106910578?
0
What is the millions digit of 529162144?
9
What is the thousands digit of 52489663?
9
What is the thousands digit of 23660959?
0
What is the hundred millions digit of 497783257?
4
What is the units digit of 1141668912?
2
What is the hundred millions digit of 207084849?
2
What is the millions digit of 32749670?
2
What is the units digit of 658275449?
9
What is the units digit of 1890382798?
8
What is the tens digit of 297473670?
7
What is the millions digit of 1457984609?
7
What is the millions digit of 3111898705?
1
What is the thousands digit of 21304006?
4
What is the ten thousands digit of 2168270469?
7
What is the hundreds digit of 684339800?
8
What is the ten thousands digit of